{"id":1066,"date":"2022-01-11T12:12:18","date_gmt":"2022-01-11T12:12:18","guid":{"rendered":"https:\/\/bbb-ag.ch\/?post_type=project&#038;p=1066"},"modified":"2024-07-17T08:04:04","modified_gmt":"2024-07-17T08:04:04","slug":"verwaltungsgebaeude-denkmalgeschuetzt","status":"publish","type":"project","link":"https:\/\/bbb-ag.ch\/index.php\/project\/verwaltungsgebaeude-denkmalgeschuetzt\/","title":{"rendered":"Verwaltungsgeb\u00e4ude Denkmalgesch\u00fctzt"},"content":{"rendered":"<p>[et_pb_section fb_built=&#8220;1&#8243; _builder_version=&#8220;4.16&#8243; _module_preset=&#8220;default&#8220; custom_padding=&#8220;25px||||false|false&#8220; global_colors_info=&#8220;{}&#8220;][et_pb_row column_structure=&#8220;1_3,2_3&#8243; make_equal=&#8220;on&#8220; _builder_version=&#8220;4.16&#8243; _module_preset=&#8220;default&#8220; global_colors_info=&#8220;{}&#8220;][et_pb_column type=&#8220;1_3&#8243; module_class=&#8220;vertikal-zentrieren&#8220; _builder_version=&#8220;4.16&#8243; _module_preset=&#8220;default&#8220; global_colors_info=&#8220;{}&#8220;][et_pb_text _builder_version=&#8220;4.16&#8243; _module_preset=&#8220;default&#8220; global_colors_info=&#8220;{}&#8220;]<\/p>\n<h2 class=\"vertical\">Verwaltungsgeb\u00e4ude\u00a0 Denkmalgesch\u00fctzt<br \/>Kollerhof, 8004 Z\u00fcrich<\/h2>\n<p class=\"vertical\">Bauleitung 2006<\/p>\n<p>[\/et_pb_text][\/et_pb_column][et_pb_column type=&#8220;2_3&#8243; _builder_version=&#8220;4.16&#8243; _module_preset=&#8220;default&#8220; global_colors_info=&#8220;{}&#8220;][et_pb_image src=&#8220;https:\/\/bbb-ag.ch\/wp-content\/uploads\/2022\/01\/MG_2947.jpg&#8220; _builder_version=&#8220;4.16&#8243; _module_preset=&#8220;default&#8220; global_colors_info=&#8220;{}&#8220;][\/et_pb_image][\/et_pb_column][\/et_pb_row][et_pb_row column_structure=&#8220;1_2,1_2&#8243; use_custom_gutter=&#8220;on&#8220; gutter_width=&#8220;2&#8243; make_equal=&#8220;on&#8220; _builder_version=&#8220;4.16&#8243; _module_preset=&#8220;default&#8220; custom_margin=&#8220;||||false|false&#8220; custom_padding=&#8220;0px||||false|false&#8220; global_colors_info=&#8220;{}&#8220;][et_pb_column type=&#8220;1_2&#8243; _builder_version=&#8220;4.16&#8243; _module_preset=&#8220;default&#8220; global_colors_info=&#8220;{}&#8220;][et_pb_image src=&#8220;https:\/\/bbb-ag.ch\/wp-content\/uploads\/2022\/01\/MG_3011.jpg&#8220; force_fullwidth=&#8220;on&#8220; _builder_version=&#8220;4.16&#8243; _module_preset=&#8220;default&#8220; global_colors_info=&#8220;{}&#8220;][\/et_pb_image][\/et_pb_column][et_pb_column type=&#8220;1_2&#8243; _builder_version=&#8220;4.16&#8243; _module_preset=&#8220;default&#8220; global_colors_info=&#8220;{}&#8220;][et_pb_image src=&#8220;https:\/\/bbb-ag.ch\/wp-content\/uploads\/2022\/01\/MG_2604.jpg&#8220; title_text=&#8220;Atelier_Zurich_Apt_33079_166&#8243; _builder_version=&#8220;4.16&#8243; _module_preset=&#8220;default&#8220; global_colors_info=&#8220;{}&#8220;][\/et_pb_image][\/et_pb_column][\/et_pb_row][et_pb_row column_structure=&#8220;1_3,2_3&#8243; use_custom_gutter=&#8220;on&#8220; gutter_width=&#8220;2&#8243; make_equal=&#8220;on&#8220; _builder_version=&#8220;4.16&#8243; _module_preset=&#8220;default&#8220; custom_margin=&#8220;||||false|false&#8220; custom_padding=&#8220;0px||||false|false&#8220; global_colors_info=&#8220;{}&#8220;][et_pb_column type=&#8220;1_3&#8243; _builder_version=&#8220;4.16&#8243; _module_preset=&#8220;default&#8220; global_colors_info=&#8220;{}&#8220;][et_pb_text _builder_version=&#8220;4.16&#8243; _module_preset=&#8220;default&#8220; global_colors_info=&#8220;{}&#8220;]<\/p>\n<p><strong>Innenarchitektur:<br \/><\/strong>Huggenbergerfries Arch. AG ETH SIA<br \/>Badenerstrasse 156, 8004 Z\u00fcrich<br \/><a href=\"https:\/\/www.hbf.ch\" target=\"_blank\" rel=\"noopener\">www.hbf.ch<\/a><\/p>\n<p><strong>Bauherr:<\/strong><br \/>Amt f\u00fcr Hochbauten Z\u00fcrich AHB<br \/>Ren\u00e9 Meier<br \/>Amt f\u00fcr St\u00e4dtebau Z\u00fcrich<br \/>Jean-Daniel Gross dipl. Arch. ETH<\/p>\n<p>[\/et_pb_text][\/et_pb_column][et_pb_column type=&#8220;2_3&#8243; _builder_version=&#8220;4.16&#8243; _module_preset=&#8220;default&#8220; global_colors_info=&#8220;{}&#8220;][et_pb_image src=&#8220;https:\/\/bbb-ag.ch\/wp-content\/uploads\/2022\/01\/kl_MG_5182.jpg&#8220; _builder_version=&#8220;4.16&#8243; _module_preset=&#8220;default&#8220; global_colors_info=&#8220;{}&#8220;][\/et_pb_image][\/et_pb_column][\/et_pb_row][et_pb_row column_structure=&#8220;1_2,1_2&#8243; use_custom_gutter=&#8220;on&#8220; gutter_width=&#8220;2&#8243; make_equal=&#8220;on&#8220; _builder_version=&#8220;4.16&#8243; _module_preset=&#8220;default&#8220; custom_margin=&#8220;||||false|false&#8220; custom_padding=&#8220;0px||||false|false&#8220; global_colors_info=&#8220;{}&#8220;][et_pb_column type=&#8220;1_2&#8243; _builder_version=&#8220;4.16&#8243; _module_preset=&#8220;default&#8220; global_colors_info=&#8220;{}&#8220;][et_pb_image src=&#8220;https:\/\/bbb-ag.ch\/wp-content\/uploads\/2022\/01\/MG_5111.jpg&#8220; _builder_version=&#8220;4.16&#8243; _module_preset=&#8220;default&#8220; global_colors_info=&#8220;{}&#8220;][\/et_pb_image][\/et_pb_column][et_pb_column type=&#8220;1_2&#8243; _builder_version=&#8220;4.16&#8243; _module_preset=&#8220;default&#8220; global_colors_info=&#8220;{}&#8220;][et_pb_image src=&#8220;https:\/\/bbb-ag.ch\/wp-content\/uploads\/2022\/01\/MG_2653.jpg&#8220; title_text=&#8220;Atelier_Zurich_Apt_33028_156&#8243; _builder_version=&#8220;4.16&#8243; _module_preset=&#8220;default&#8220; global_colors_info=&#8220;{}&#8220;][\/et_pb_image][\/et_pb_column][\/et_pb_row][et_pb_row use_custom_gutter=&#8220;on&#8220; gutter_width=&#8220;2&#8243; make_equal=&#8220;on&#8220; _builder_version=&#8220;4.16&#8243; _module_preset=&#8220;default&#8220; custom_margin=&#8220;||||false|false&#8220; custom_padding=&#8220;0px||||false|false&#8220; global_colors_info=&#8220;{}&#8220;][et_pb_column type=&#8220;4_4&#8243; _builder_version=&#8220;4.16&#8243; _module_preset=&#8220;default&#8220; global_colors_info=&#8220;{}&#8220;][et_pb_image src=&#8220;https:\/\/bbb-ag.ch\/wp-content\/uploads\/2022\/01\/MG_1942_DxO_raw.jpg&#8220; _builder_version=&#8220;4.16&#8243; _module_preset=&#8220;default&#8220; global_colors_info=&#8220;{}&#8220;][\/et_pb_image][\/et_pb_column][\/et_pb_row][\/et_pb_section]<\/p>\n","protected":false},"excerpt":{"rendered":"<p>Verwaltungsgeb\u00e4ude\u00a0 Denkmalgesch\u00fctztKollerhof, 8004 Z\u00fcrich Bauleitung 2006Innenarchitektur:Huggenbergerfries Arch. AG ETH SIABadenerstrasse 156, 8004 Z\u00fcrichwww.hbf.ch Bauherr:Amt f\u00fcr Hochbauten Z\u00fcrich AHBRen\u00e9 MeierAmt f\u00fcr St\u00e4dtebau Z\u00fcrichJean-Daniel Gross dipl. Arch. ETH<\/p>\n","protected":false},"author":3,"featured_media":1062,"comment_status":"open","ping_status":"closed","template":"","meta":{"_et_pb_use_builder":"on","_et_pb_old_content":"","_et_gb_content_width":"","footnotes":""},"project_category":[8],"project_tag":[],"class_list":["post-1066","project","type-project","status-publish","has-post-thumbnail","hentry","project_category-umbauten"],"_links":{"self":[{"href":"https:\/\/bbb-ag.ch\/index.php\/wp-json\/wp\/v2\/project\/1066","targetHints":{"allow":["GET"]}}],"collection":[{"href":"https:\/\/bbb-ag.ch\/index.php\/wp-json\/wp\/v2\/project"}],"about":[{"href":"https:\/\/bbb-ag.ch\/index.php\/wp-json\/wp\/v2\/types\/project"}],"author":[{"embeddable":true,"href":"https:\/\/bbb-ag.ch\/index.php\/wp-json\/wp\/v2\/users\/3"}],"replies":[{"embeddable":true,"href":"https:\/\/bbb-ag.ch\/index.php\/wp-json\/wp\/v2\/comments?post=1066"}],"version-history":[{"count":7,"href":"https:\/\/bbb-ag.ch\/index.php\/wp-json\/wp\/v2\/project\/1066\/revisions"}],"predecessor-version":[{"id":2018,"href":"https:\/\/bbb-ag.ch\/index.php\/wp-json\/wp\/v2\/project\/1066\/revisions\/2018"}],"wp:featuredmedia":[{"embeddable":true,"href":"https:\/\/bbb-ag.ch\/index.php\/wp-json\/wp\/v2\/media\/1062"}],"wp:attachment":[{"href":"https:\/\/bbb-ag.ch\/index.php\/wp-json\/wp\/v2\/media?parent=1066"}],"wp:term":[{"taxonomy":"project_category","embeddable":true,"href":"https:\/\/bbb-ag.ch\/index.php\/wp-json\/wp\/v2\/project_category?post=1066"},{"taxonomy":"project_tag","embeddable":true,"href":"https:\/\/bbb-ag.ch\/index.php\/wp-json\/wp\/v2\/project_tag?post=1066"}],"curies":[{"name":"wp","href":"https:\/\/api.w.org\/{rel}","templated":true}]}}

Verwaltungsgebäude Denkmalgeschützt

<p>[et_pb_section fb_built=&#8220;1&#8243; _builder_version=&#8220;4.16&#8243; _module_preset=&#8220;default&#8220; custom_padding=&#8220;25px||||false|false&#8220; global_colors_info=&#8220;{}&#8220;][et_pb_row column_structure=&#8220;1_3,2_3&#8243; make_equal=&#8220;on&#8220; _builder_version=&#8220;4.16&#8243; _module_preset=&#8220;default&#8220; global_colors_info=&#8220;{}&#8220;][et_pb_column type=&#8220;1_3&#8243; module_class=&#8220;vertikal-zentrieren&#8220; _builder_version=&#8220;4.16&#8243; _module_preset=&#8220;default&#8220; global_colors_info=&#8220;{}&#8220;][et_pb_text _builder_version=&#8220;4.16&#8243; _module_preset=&#8220;default&#8220; global_colors_info=&#8220;{}&#8220;]</p>
<h2 class="vertical">Verwaltungsgebäude  Denkmalgeschützt<br />Kollerhof, 8004 Zürich</h2>
<p class="vertical">Bauleitung 2006</p>
<p>[/et_pb_text][/et_pb_column][et_pb_column type=&#8220;2_3&#8243; _builder_version=&#8220;4.16&#8243; _module_preset=&#8220;default&#8220; global_colors_info=&#8220;{}&#8220;][et_pb_image src=&#8220;https://bbb-ag.ch/wp-content/uploads/2022/01/MG_2947.jpg&#8220; _builder_version=&#8220;4.16&#8243; _module_preset=&#8220;default&#8220; global_colors_info=&#8220;{}&#8220;][/et_pb_image][/et_pb_column][/et_pb_row][et_pb_row column_structure=&#8220;1_2,1_2&#8243; use_custom_gutter=&#8220;on&#8220; gutter_width=&#8220;2&#8243; make_equal=&#8220;on&#8220; _builder_version=&#8220;4.16&#8243; _module_preset=&#8220;default&#8220; custom_margin=&#8220;||||false|false&#8220; custom_padding=&#8220;0px||||false|false&#8220; global_colors_info=&#8220;{}&#8220;][et_pb_column type=&#8220;1_2&#8243; _builder_version=&#8220;4.16&#8243; _module_preset=&#8220;default&#8220; global_colors_info=&#8220;{}&#8220;][et_pb_image src=&#8220;https://bbb-ag.ch/wp-content/uploads/2022/01/MG_3011.jpg&#8220; force_fullwidth=&#8220;on&#8220; _builder_version=&#8220;4.16&#8243; _module_preset=&#8220;default&#8220; global_colors_info=&#8220;{}&#8220;][/et_pb_image][/et_pb_column][et_pb_column type=&#8220;1_2&#8243; _builder_version=&#8220;4.16&#8243; _module_preset=&#8220;default&#8220; global_colors_info=&#8220;{}&#8220;][et_pb_image src=&#8220;https://bbb-ag.ch/wp-content/uploads/2022/01/MG_2604.jpg&#8220; title_text=&#8220;Atelier_Zurich_Apt_33079_166&#8243; _builder_version=&#8220;4.16&#8243; _module_preset=&#8220;default&#8220; global_colors_info=&#8220;{}&#8220;][/et_pb_image][/et_pb_column][/et_pb_row][et_pb_row column_structure=&#8220;1_3,2_3&#8243; use_custom_gutter=&#8220;on&#8220; gutter_width=&#8220;2&#8243; make_equal=&#8220;on&#8220; _builder_version=&#8220;4.16&#8243; _module_preset=&#8220;default&#8220; custom_margin=&#8220;||||false|false&#8220; custom_padding=&#8220;0px||||false|false&#8220; global_colors_info=&#8220;{}&#8220;][et_pb_column type=&#8220;1_3&#8243; _builder_version=&#8220;4.16&#8243; _module_preset=&#8220;default&#8220; global_colors_info=&#8220;{}&#8220;][et_pb_text _builder_version=&#8220;4.16&#8243; _module_preset=&#8220;default&#8220; global_colors_info=&#8220;{}&#8220;]</p>
<p><strong>Innenarchitektur:<br /></strong>Huggenbergerfries Arch. AG ETH SIA<br />Badenerstrasse 156, 8004 Zürich<br /><a href="https://www.hbf.ch" target="_blank" rel="noopener">www.hbf.ch</a></p>
<p><strong>Bauherr:</strong><br />Amt für Hochbauten Zürich AHB<br />René Meier<br />Amt für Städtebau Zürich<br />Jean-Daniel Gross dipl. Arch. ETH</p>
<p>[/et_pb_text][/et_pb_column][et_pb_column type=&#8220;2_3&#8243; _builder_version=&#8220;4.16&#8243; _module_preset=&#8220;default&#8220; global_colors_info=&#8220;{}&#8220;][et_pb_image src=&#8220;https://bbb-ag.ch/wp-content/uploads/2022/01/kl_MG_5182.jpg&#8220; _builder_version=&#8220;4.16&#8243; _module_preset=&#8220;default&#8220; global_colors_info=&#8220;{}&#8220;][/et_pb_image][/et_pb_column][/et_pb_row][et_pb_row column_structure=&#8220;1_2,1_2&#8243; use_custom_gutter=&#8220;on&#8220; gutter_width=&#8220;2&#8243; make_equal=&#8220;on&#8220; _builder_version=&#8220;4.16&#8243; _module_preset=&#8220;default&#8220; custom_margin=&#8220;||||false|false&#8220; custom_padding=&#8220;0px||||false|false&#8220; global_colors_info=&#8220;{}&#8220;][et_pb_column type=&#8220;1_2&#8243; _builder_version=&#8220;4.16&#8243; _module_preset=&#8220;default&#8220; global_colors_info=&#8220;{}&#8220;][et_pb_image src=&#8220;https://bbb-ag.ch/wp-content/uploads/2022/01/MG_5111.jpg&#8220; _builder_version=&#8220;4.16&#8243; _module_preset=&#8220;default&#8220; global_colors_info=&#8220;{}&#8220;][/et_pb_image][/et_pb_column][et_pb_column type=&#8220;1_2&#8243; _builder_version=&#8220;4.16&#8243; _module_preset=&#8220;default&#8220; global_colors_info=&#8220;{}&#8220;][et_pb_image src=&#8220;https://bbb-ag.ch/wp-content/uploads/2022/01/MG_2653.jpg&#8220; title_text=&#8220;Atelier_Zurich_Apt_33028_156&#8243; _builder_version=&#8220;4.16&#8243; _module_preset=&#8220;default&#8220; global_colors_info=&#8220;{}&#8220;][/et_pb_image][/et_pb_column][/et_pb_row][et_pb_row use_custom_gutter=&#8220;on&#8220; gutter_width=&#8220;2&#8243; make_equal=&#8220;on&#8220; _builder_version=&#8220;4.16&#8243; _module_preset=&#8220;default&#8220; custom_margin=&#8220;||||false|false&#8220; custom_padding=&#8220;0px||||false|false&#8220; global_colors_info=&#8220;{}&#8220;][et_pb_column type=&#8220;4_4&#8243; _builder_version=&#8220;4.16&#8243; _module_preset=&#8220;default&#8220; global_colors_info=&#8220;{}&#8220;][et_pb_image src=&#8220;https://bbb-ag.ch/wp-content/uploads/2022/01/MG_1942_DxO_raw.jpg&#8220; _builder_version=&#8220;4.16&#8243; _module_preset=&#8220;default&#8220; global_colors_info=&#8220;{}&#8220;][/et_pb_image][/et_pb_column][/et_pb_row][/et_pb_section]</p>

<p>Verwaltungsgebäude  DenkmalgeschütztKollerhof, 8004 Zürich Bauleitung 2006Innenarchitektur:Huggenbergerfries Arch. AG ETH SIABadenerstrasse 156, 8004 Zürichwww.hbf.ch Bauherr:Amt für Hochbauten Zürich AHBRené MeierAmt für Städtebau ZürichJean-Daniel Gross dipl. Arch. ETH</p>
