{"id":1736,"date":"2022-03-08T09:34:29","date_gmt":"2022-03-08T09:34:29","guid":{"rendered":"https:\/\/bbb-ag.ch\/?page_id=1736"},"modified":"2025-10-02T13:01:03","modified_gmt":"2025-10-02T13:01:03","slug":"publikationen","status":"publish","type":"page","link":"https:\/\/bbb-ag.ch\/index.php\/publikationen\/","title":{"rendered":"Publikationen"},"content":{"rendered":"<p>[et_pb_section fb_built=&#8220;1&#8243; _builder_version=&#8220;4.16&#8243; _module_preset=&#8220;default&#8220; global_colors_info=&#8220;{}&#8220;][et_pb_row column_structure=&#8220;1_4,1_4,1_4,1_4&#8243; use_custom_gutter=&#8220;on&#8220; gutter_width=&#8220;2&#8243; make_equal=&#8220;on&#8220; _builder_version=&#8220;4.16&#8243; _module_preset=&#8220;default&#8220; custom_margin=&#8220;||||false|false&#8220; custom_padding=&#8220;0px||||false|false&#8220; global_colors_info=&#8220;{}&#8220;][et_pb_column type=&#8220;1_4&#8243; _builder_version=&#8220;4.16&#8243; _module_preset=&#8220;default&#8220; custom_padding=&#8220;||7px||false|false&#8220; border_width_bottom=&#8220;0.5px&#8220; border_color_bottom=&#8220;rgba(51,51,51,0.26)&#8220; global_colors_info=&#8220;{}&#8220;][et_pb_text _builder_version=&#8220;4.16&#8243; _module_preset=&#8220;default&#8220; global_colors_info=&#8220;{}&#8220;]<\/p>\n<h2>Umbauen und Renovieren<\/h2>\n<h4>Schicht um Schicht<\/h4>\n<p><em>\u00abNachdem die alten Strukturen freigelegt wurden, offenbart ein Bauernhaus im Weinbaugebiet von St\u00e4fa seinen ganzen Charme.\u00bb<\/em>\u00a0<a href=\"https:\/\/bbb-ag.ch\/wp-content\/uploads\/2022\/03\/UR_schicht_um_schicht.pdf\" target=\"_blank\" rel=\"noopener\"><span class=\"et-pb-icon\">\ue058<\/span> PDF 1mB<\/a><\/p>\n<p>[\/et_pb_text][\/et_pb_column][et_pb_column type=&#8220;1_4&#8243; _builder_version=&#8220;4.16&#8243; _module_preset=&#8220;default&#8220; custom_padding=&#8220;||7px||false|false&#8220; border_width_bottom=&#8220;0.5px&#8220; border_color_bottom=&#8220;rgba(51,51,51,0.26)&#8220; global_colors_info=&#8220;{}&#8220;][et_pb_text _builder_version=&#8220;4.16&#8243; _module_preset=&#8220;default&#8220; global_colors_info=&#8220;{}&#8220;]<\/p>\n<h2>Seesicht 1\/09<\/h2>\n<h4>In altem Gem\u00e4uer<\/h4>\n<p><em>\u00abMit viel Engagement und Liebe zu alter Bausubstanz ist im St\u00e4fner Weiler Mutzmalen ein altes Bauerngeh\u00f6ft zu neuem Leben erweckt worden.\u00bb<\/em> <a href=\"https:\/\/bbb-ag.ch\/wp-content\/uploads\/2022\/03\/SSM_091_bijou.pdf\" target=\"_blank\" rel=\"noopener\"><span class=\"et-pb-icon\">\ue058<\/span> PDF 576kB<\/a>[\/et_pb_text][\/et_pb_column][et_pb_column type=&#8220;1_4&#8243; _builder_version=&#8220;4.16&#8243; _module_preset=&#8220;default&#8220; custom_padding=&#8220;||7px||false|false&#8220; border_width_bottom=&#8220;0.5px&#8220; border_color_bottom=&#8220;rgba(51,51,51,0.26)&#8220; global_colors_info=&#8220;{}&#8220;][et_pb_text _builder_version=&#8220;4.27.4&#8243; _module_preset=&#8220;default&#8220; global_colors_info=&#8220;{}&#8220;]<\/p>\n<h2>NZZ 10\/05<\/h2>\n<h4>Am Bellevue ist Z\u00fcrich gross, da ist was los<\/h4>\n<p><em>\u00abDie Erneuerung des Denkmals ist abgeschlossen \u2014 ein neues Buch ebenfalls.\u00bb<\/em> <a href=\"https:\/\/bbb-ag.ch\/wp-content\/uploads\/2022\/03\/nzz05.pdf\" target=\"_blank\" rel=\"noopener\"><span class=\"et-pb-icon\">\ue058<\/span> PDF 641kB<\/a><\/p>\n<p>[\/et_pb_text][\/et_pb_column][et_pb_column type=&#8220;1_4&#8243; _builder_version=&#8220;4.16&#8243; _module_preset=&#8220;default&#8220; custom_padding=&#8220;||7px||false|false&#8220; border_width_bottom=&#8220;0.5px&#8220; border_color_bottom=&#8220;rgba(51,51,51,0.26)&#8220; global_colors_info=&#8220;{}&#8220;][et_pb_text _builder_version=&#8220;4.16&#8243; _module_preset=&#8220;default&#8220; global_colors_info=&#8220;{}&#8220;]<\/p>\n<h2>Hochparterre 2\/06<\/h2>\n<h4>Sch\u00f6nheit am Bellevue<\/h4>\n<p><em>\u00abWas nur wenige wissen: Nicht Beton tr\u00e4gt das elegante Dach, sondern eine Stahlkonstruktion.\u00bb<\/em>\u00a0<a href=\"https:\/\/bbb-ag.ch\/wp-content\/uploads\/2022\/03\/hochparterre.pdf\" target=\"_blank\" rel=\"noopener\"><span class=\"et-pb-icon\">\ue058<\/span> PDF 240kB<\/a>[\/et_pb_text][\/et_pb_column][\/et_pb_row][et_pb_row column_structure=&#8220;1_4,1_4,1_4,1_4&#8243; use_custom_gutter=&#8220;on&#8220; gutter_width=&#8220;2&#8243; make_equal=&#8220;on&#8220; _builder_version=&#8220;4.16&#8243; _module_preset=&#8220;default&#8220; global_colors_info=&#8220;{}&#8220;][et_pb_column type=&#8220;1_4&#8243; _builder_version=&#8220;4.16&#8243; _module_preset=&#8220;default&#8220; custom_padding=&#8220;||7px||false|false&#8220; border_width_bottom=&#8220;0.5px&#8220; border_color_bottom=&#8220;rgba(51,51,51,0.26)&#8220; global_colors_info=&#8220;{}&#8220;][et_pb_text _builder_version=&#8220;4.16&#8243; _module_preset=&#8220;default&#8220; global_colors_info=&#8220;{}&#8220;]<\/p>\n<h2>Wohnrevue<\/h2>\n<h4>Mit Durchblick und Weitsicht<\/h4>\n<p><em>Die Architekten Daniela Niedermann und Gabriel<\/em><br \/><em>Walti haben schon einige Umbauprojekte verantwortet. Die Villa am Zu\u0308richsee ist ein Novum in ihrer Karriere: ein Neubau. Und<\/em><br \/><em>der hat es im wahrsten Sinne des Wortes \u00abin sich\u00bb.<\/em> <a href=\"https:\/\/bbb-ag.ch\/wp-content\/uploads\/2022\/03\/EFH_Zuerichsee_2019.05_Wohnrevue.pdf\" target=\"_blank\" rel=\"noopener\"><span class=\"et-pb-icon\">\ue058<\/span> PDF 1mB<\/a><\/p>\n<p>[\/et_pb_text][\/et_pb_column][et_pb_column type=&#8220;1_4&#8243; _builder_version=&#8220;4.16&#8243; _module_preset=&#8220;default&#8220; custom_padding=&#8220;||7px||false|false&#8220; border_width_bottom=&#8220;0.5px&#8220; border_color_bottom=&#8220;rgba(51,51,51,0.26)&#8220; global_colors_info=&#8220;{}&#8220;][et_pb_text _builder_version=&#8220;4.16&#8243; _module_preset=&#8220;default&#8220; global_colors_info=&#8220;{}&#8220;]<\/p>\n<h2>Dorfopst K\u00fcsnacht<\/h2>\n<h4>Generationenwechsel bei der BBB AG<\/h4>\n<p><a href=\"https:\/\/bbb-ag.ch\/wp-content\/uploads\/2022\/03\/SKM_C284e17081615520.pdf\" target=\"_blank\" rel=\"noopener\"><span class=\"et-pb-icon\">\ue058<\/span> PDF 711kB<\/a><\/p>\n<p>[\/et_pb_text][\/et_pb_column][et_pb_column type=&#8220;1_4&#8243; _builder_version=&#8220;4.16&#8243; _module_preset=&#8220;default&#8220; custom_padding=&#8220;||7px||false|false&#8220; border_width_bottom=&#8220;0.5px&#8220; border_color_bottom=&#8220;rgba(51,51,51,0.26)&#8220; global_colors_info=&#8220;{}&#8220;][et_pb_text _builder_version=&#8220;4.27.4&#8243; _module_preset=&#8220;default&#8220; global_colors_info=&#8220;{}&#8220;]<\/p>\n<h2>Ideales Heim<\/h2>\n<h4>Raumpoesie<\/h4>\n<p><em>\u00abDie Innenarchitektinnen des Z\u00fcrcher B\u00fcros form.c haben mit dem Umbau einer Jugendstilwohnung die perfekte Umgebung f\u00fcr ein Ehepaar geschaffen.\u00bb<\/em> <a href=\"https:\/\/bbb-ag.ch\/wp-content\/uploads\/2022\/03\/ih_okt06.pdf\" target=\"_blank\" rel=\"noopener\"><span class=\"et-pb-icon\">\ue058<\/span> PDF 526kB<\/a><\/p>\n<p>[\/et_pb_text][\/et_pb_column][et_pb_column type=&#8220;1_4&#8243; _builder_version=&#8220;4.16&#8243; _module_preset=&#8220;default&#8220; custom_padding=&#8220;||7px||false|false&#8220; border_width_bottom=&#8220;0.5px&#8220; border_color_bottom=&#8220;rgba(51,51,51,0.26)&#8220; global_colors_info=&#8220;{}&#8220;][et_pb_text _builder_version=&#8220;4.16&#8243; _module_preset=&#8220;default&#8220; global_colors_info=&#8220;{}&#8220;]<\/p>\n<h2>Ideales Heim<\/h2>\n<h4>Hightech f\u00fcrs schmale Budget<\/h4>\n<p><em>Wohn- und Siedlungsgenossenschaft Boglerenstrasse 8700 K\u00fcsnacht\/ZH<br \/>18 Wohnungen<\/em>\u00a0<a href=\"https:\/\/bbb-ag.ch\/wp-content\/uploads\/2022\/03\/Boglernstrasse.pdf\" target=\"_blank\" rel=\"noopener\"><span class=\"et-pb-icon\">\ue058<\/span> PDF 950kB<\/a><\/p>\n<p>[\/et_pb_text][\/et_pb_column][\/et_pb_row][et_pb_row column_structure=&#8220;1_4,1_4,1_4,1_4&#8243; use_custom_gutter=&#8220;on&#8220; gutter_width=&#8220;2&#8243; make_equal=&#8220;on&#8220; _builder_version=&#8220;4.16&#8243; _module_preset=&#8220;default&#8220; custom_padding=&#8220;0px||||false|false&#8220; global_colors_info=&#8220;{}&#8220;][et_pb_column type=&#8220;1_4&#8243; _builder_version=&#8220;4.16&#8243; _module_preset=&#8220;default&#8220; custom_padding=&#8220;||7px||false|false&#8220; border_width_bottom=&#8220;0.5px&#8220; border_color_bottom=&#8220;rgba(51,51,51,0.26)&#8220; global_colors_info=&#8220;{}&#8220;][et_pb_text _builder_version=&#8220;4.16&#8243; _module_preset=&#8220;default&#8220; global_colors_info=&#8220;{}&#8220;]<\/p>\n<h2>Tages Anzeiger<\/h2>\n<h4>Neues Rondell im historischen Kleid<\/h4>\n<p><em>\u00abDie Bauarbeiten am Rondell beim Bellevue sind beendet. Der urspr\u00fcngliche Charme der Traminsel kommt jetzt wieder besser zur Geltung.\u00bb<\/em>\u00a0<a href=\"https:\/\/bbb-ag.ch\/wp-content\/uploads\/2022\/03\/tagesanzeiger.pdf\" target=\"_blank\" rel=\"noopener\"><span class=\"et-pb-icon\">\ue058<\/span> PDF 473kB<\/a>[\/et_pb_text][\/et_pb_column][et_pb_column type=&#8220;1_4&#8243; _builder_version=&#8220;4.16&#8243; _module_preset=&#8220;default&#8220; custom_padding=&#8220;||7px||false|false&#8220; border_width_bottom=&#8220;0.5px&#8220; border_color_bottom=&#8220;rgba(51,51,51,0.26)&#8220; global_colors_info=&#8220;{}&#8220;][et_pb_text _builder_version=&#8220;4.16&#8243; _module_preset=&#8220;default&#8220; global_colors_info=&#8220;{}&#8220;]<\/p>\n<h2>Architektur Aktuell 227<\/h2>\n<h4>Mit Eleganz der Sonne entgegen<\/h4>\n<p><em>Ein Einfamilienhaus in Pf\u00e4ffikon\/ZH<\/em> <a href=\"https:\/\/bbb-ag.ch\/wp-content\/uploads\/2022\/03\/Lemberger.pdf\" target=\"_blank\" rel=\"noopener\"><span class=\"et-pb-icon\">\ue058<\/span> PDF 2mB<\/a>[\/et_pb_text][\/et_pb_column][et_pb_column type=&#8220;1_4&#8243; _builder_version=&#8220;4.16&#8243; _module_preset=&#8220;default&#8220; global_colors_info=&#8220;{}&#8220;][et_pb_text _builder_version=&#8220;4.27.4&#8243; _module_preset=&#8220;default&#8220; hover_enabled=&#8220;0&#8243; global_colors_info=&#8220;{}&#8220; sticky_enabled=&#8220;0&#8243;]<\/p>\n<h2>Umbauen + Renovieren 4\/25<\/h2>\n<h4>Was braucht der Mensch?<\/h4>\n<p><em>\u00abAeberli Architekten haben die st\u00e4dtische Notschlafstelle im Z\u00fcrcher Quartier Wipkingen umgebaut und instand gesetzt.\u00bb<br \/><\/em><em>Was braucht der Mensch, um sich an einem Ort zu Hause zu f\u00fchlen?<\/em>\u00a0<a href=\"https:\/\/bbb-ag.ch\/wp-content\/uploads\/2025\/10\/Umbauen-Renovieren-04-25-3.pdf\" target=\"_blank\" rel=\"noopener\">\ue058 PDF 2mB<\/a><\/p>\n<p>[\/et_pb_text][\/et_pb_column][et_pb_column type=&#8220;1_4&#8243; _builder_version=&#8220;4.16&#8243; _module_preset=&#8220;default&#8220; global_colors_info=&#8220;{}&#8220;][\/et_pb_column][\/et_pb_row][\/et_pb_section]<\/p>\n","protected":false},"excerpt":{"rendered":"<p>Umbauen und Renovieren Schicht um Schicht \u00abNachdem die alten Strukturen freigelegt wurden, offenbart ein Bauernhaus im Weinbaugebiet von St\u00e4fa seinen ganzen Charme.\u00bb\u00a0\ue058 PDF 1mBSeesicht 1\/09 In altem Gem\u00e4uer \u00abMit viel Engagement und Liebe zu alter Bausubstanz ist im St\u00e4fner Weiler Mutzmalen ein altes Bauerngeh\u00f6ft zu neuem Leben erweckt worden.\u00bb \ue058 PDF 576kBNZZ 10\/05 Am Bellevue [&hellip;]<\/p>\n","protected":false},"author":3,"featured_media":0,"parent":0,"menu_order":0,"comment_status":"closed","ping_status":"closed","template":"","meta":{"_et_pb_use_builder":"on","_et_pb_old_content":"","_et_gb_content_width":"","footnotes":""},"class_list":["post-1736","page","type-page","status-publish","hentry"],"_links":{"self":[{"href":"https:\/\/bbb-ag.ch\/index.php\/wp-json\/wp\/v2\/pages\/1736","targetHints":{"allow":["GET"]}}],"collection":[{"href":"https:\/\/bbb-ag.ch\/index.php\/wp-json\/wp\/v2\/pages"}],"about":[{"href":"https:\/\/bbb-ag.ch\/index.php\/wp-json\/wp\/v2\/types\/page"}],"author":[{"embeddable":true,"href":"https:\/\/bbb-ag.ch\/index.php\/wp-json\/wp\/v2\/users\/3"}],"replies":[{"embeddable":true,"href":"https:\/\/bbb-ag.ch\/index.php\/wp-json\/wp\/v2\/comments?post=1736"}],"version-history":[{"count":10,"href":"https:\/\/bbb-ag.ch\/index.php\/wp-json\/wp\/v2\/pages\/1736\/revisions"}],"predecessor-version":[{"id":2303,"href":"https:\/\/bbb-ag.ch\/index.php\/wp-json\/wp\/v2\/pages\/1736\/revisions\/2303"}],"wp:attachment":[{"href":"https:\/\/bbb-ag.ch\/index.php\/wp-json\/wp\/v2\/media?parent=1736"}],"curies":[{"name":"wp","href":"https:\/\/api.w.org\/{rel}","templated":true}]}}

<p>[et_pb_section fb_built=&#8220;1&#8243; _builder_version=&#8220;4.16&#8243; _module_preset=&#8220;default&#8220; global_colors_info=&#8220;{}&#8220;][et_pb_row column_structure=&#8220;1_4,1_4,1_4,1_4&#8243; use_custom_gutter=&#8220;on&#8220; gutter_width=&#8220;2&#8243; make_equal=&#8220;on&#8220; _builder_version=&#8220;4.16&#8243; _module_preset=&#8220;default&#8220; custom_margin=&#8220;||||false|false&#8220; custom_padding=&#8220;0px||||false|false&#8220; global_colors_info=&#8220;{}&#8220;][et_pb_column type=&#8220;1_4&#8243; _builder_version=&#8220;4.16&#8243; _module_preset=&#8220;default&#8220; custom_padding=&#8220;||7px||false|false&#8220; border_width_bottom=&#8220;0.5px&#8220; border_color_bottom=&#8220;rgba(51,51,51,0.26)&#8220; global_colors_info=&#8220;{}&#8220;][et_pb_text _builder_version=&#8220;4.16&#8243; _module_preset=&#8220;default&#8220; global_colors_info=&#8220;{}&#8220;]</p>
<h2>Umbauen und Renovieren</h2>
<h4>Schicht um Schicht</h4>
<p><em>«Nachdem die alten Strukturen freigelegt wurden, offenbart ein Bauernhaus im Weinbaugebiet von Stäfa seinen ganzen Charme.»</em> <a href="https://bbb-ag.ch/wp-content/uploads/2022/03/UR_schicht_um_schicht.pdf" target="_blank" rel="noopener"><span class="et-pb-icon"></span> PDF 1mB</a></p>
<p>[/et_pb_text][/et_pb_column][et_pb_column type=&#8220;1_4&#8243; _builder_version=&#8220;4.16&#8243; _module_preset=&#8220;default&#8220; custom_padding=&#8220;||7px||false|false&#8220; border_width_bottom=&#8220;0.5px&#8220; border_color_bottom=&#8220;rgba(51,51,51,0.26)&#8220; global_colors_info=&#8220;{}&#8220;][et_pb_text _builder_version=&#8220;4.16&#8243; _module_preset=&#8220;default&#8220; global_colors_info=&#8220;{}&#8220;]</p>
<h2>Seesicht 1/09</h2>
<h4>In altem Gemäuer</h4>
<p><em>«Mit viel Engagement und Liebe zu alter Bausubstanz ist im Stäfner Weiler Mutzmalen ein altes Bauerngehöft zu neuem Leben erweckt worden.»</em> <a href="https://bbb-ag.ch/wp-content/uploads/2022/03/SSM_091_bijou.pdf" target="_blank" rel="noopener"><span class="et-pb-icon"></span> PDF 576kB</a>[/et_pb_text][/et_pb_column][et_pb_column type=&#8220;1_4&#8243; _builder_version=&#8220;4.16&#8243; _module_preset=&#8220;default&#8220; custom_padding=&#8220;||7px||false|false&#8220; border_width_bottom=&#8220;0.5px&#8220; border_color_bottom=&#8220;rgba(51,51,51,0.26)&#8220; global_colors_info=&#8220;{}&#8220;][et_pb_text _builder_version=&#8220;4.27.4&#8243; _module_preset=&#8220;default&#8220; global_colors_info=&#8220;{}&#8220;]</p>
<h2>NZZ 10/05</h2>
<h4>Am Bellevue ist Zürich gross, da ist was los</h4>
<p><em>«Die Erneuerung des Denkmals ist abgeschlossen — ein neues Buch ebenfalls.»</em> <a href="https://bbb-ag.ch/wp-content/uploads/2022/03/nzz05.pdf" target="_blank" rel="noopener"><span class="et-pb-icon"></span> PDF 641kB</a></p>
<p>[/et_pb_text][/et_pb_column][et_pb_column type=&#8220;1_4&#8243; _builder_version=&#8220;4.16&#8243; _module_preset=&#8220;default&#8220; custom_padding=&#8220;||7px||false|false&#8220; border_width_bottom=&#8220;0.5px&#8220; border_color_bottom=&#8220;rgba(51,51,51,0.26)&#8220; global_colors_info=&#8220;{}&#8220;][et_pb_text _builder_version=&#8220;4.16&#8243; _module_preset=&#8220;default&#8220; global_colors_info=&#8220;{}&#8220;]</p>
<h2>Hochparterre 2/06</h2>
<h4>Schönheit am Bellevue</h4>
<p><em>«Was nur wenige wissen: Nicht Beton trägt das elegante Dach, sondern eine Stahlkonstruktion.»</em> <a href="https://bbb-ag.ch/wp-content/uploads/2022/03/hochparterre.pdf" target="_blank" rel="noopener"><span class="et-pb-icon"></span> PDF 240kB</a>[/et_pb_text][/et_pb_column][/et_pb_row][et_pb_row column_structure=&#8220;1_4,1_4,1_4,1_4&#8243; use_custom_gutter=&#8220;on&#8220; gutter_width=&#8220;2&#8243; make_equal=&#8220;on&#8220; _builder_version=&#8220;4.16&#8243; _module_preset=&#8220;default&#8220; global_colors_info=&#8220;{}&#8220;][et_pb_column type=&#8220;1_4&#8243; _builder_version=&#8220;4.16&#8243; _module_preset=&#8220;default&#8220; custom_padding=&#8220;||7px||false|false&#8220; border_width_bottom=&#8220;0.5px&#8220; border_color_bottom=&#8220;rgba(51,51,51,0.26)&#8220; global_colors_info=&#8220;{}&#8220;][et_pb_text _builder_version=&#8220;4.16&#8243; _module_preset=&#8220;default&#8220; global_colors_info=&#8220;{}&#8220;]</p>
<h2>Wohnrevue</h2>
<h4>Mit Durchblick und Weitsicht</h4>
<p><em>Die Architekten Daniela Niedermann und Gabriel</em><br /><em>Walti haben schon einige Umbauprojekte verantwortet. Die Villa am Zürichsee ist ein Novum in ihrer Karriere: ein Neubau. Und</em><br /><em>der hat es im wahrsten Sinne des Wortes «in sich».</em> <a href="https://bbb-ag.ch/wp-content/uploads/2022/03/EFH_Zuerichsee_2019.05_Wohnrevue.pdf" target="_blank" rel="noopener"><span class="et-pb-icon"></span> PDF 1mB</a></p>
<p>[/et_pb_text][/et_pb_column][et_pb_column type=&#8220;1_4&#8243; _builder_version=&#8220;4.16&#8243; _module_preset=&#8220;default&#8220; custom_padding=&#8220;||7px||false|false&#8220; border_width_bottom=&#8220;0.5px&#8220; border_color_bottom=&#8220;rgba(51,51,51,0.26)&#8220; global_colors_info=&#8220;{}&#8220;][et_pb_text _builder_version=&#8220;4.16&#8243; _module_preset=&#8220;default&#8220; global_colors_info=&#8220;{}&#8220;]</p>
<h2>Dorfopst Küsnacht</h2>
<h4>Generationenwechsel bei der BBB AG</h4>
<p><a href="https://bbb-ag.ch/wp-content/uploads/2022/03/SKM_C284e17081615520.pdf" target="_blank" rel="noopener"><span class="et-pb-icon"></span> PDF 711kB</a></p>
<p>[/et_pb_text][/et_pb_column][et_pb_column type=&#8220;1_4&#8243; _builder_version=&#8220;4.16&#8243; _module_preset=&#8220;default&#8220; custom_padding=&#8220;||7px||false|false&#8220; border_width_bottom=&#8220;0.5px&#8220; border_color_bottom=&#8220;rgba(51,51,51,0.26)&#8220; global_colors_info=&#8220;{}&#8220;][et_pb_text _builder_version=&#8220;4.27.4&#8243; _module_preset=&#8220;default&#8220; global_colors_info=&#8220;{}&#8220;]</p>
<h2>Ideales Heim</h2>
<h4>Raumpoesie</h4>
<p><em>«Die Innenarchitektinnen des Zürcher Büros form.c haben mit dem Umbau einer Jugendstilwohnung die perfekte Umgebung für ein Ehepaar geschaffen.»</em> <a href="https://bbb-ag.ch/wp-content/uploads/2022/03/ih_okt06.pdf" target="_blank" rel="noopener"><span class="et-pb-icon"></span> PDF 526kB</a></p>
<p>[/et_pb_text][/et_pb_column][et_pb_column type=&#8220;1_4&#8243; _builder_version=&#8220;4.16&#8243; _module_preset=&#8220;default&#8220; custom_padding=&#8220;||7px||false|false&#8220; border_width_bottom=&#8220;0.5px&#8220; border_color_bottom=&#8220;rgba(51,51,51,0.26)&#8220; global_colors_info=&#8220;{}&#8220;][et_pb_text _builder_version=&#8220;4.16&#8243; _module_preset=&#8220;default&#8220; global_colors_info=&#8220;{}&#8220;]</p>
<h2>Ideales Heim</h2>
<h4>Hightech fürs schmale Budget</h4>
<p><em>Wohn- und Siedlungsgenossenschaft Boglerenstrasse 8700 Küsnacht/ZH<br />18 Wohnungen</em> <a href="https://bbb-ag.ch/wp-content/uploads/2022/03/Boglernstrasse.pdf" target="_blank" rel="noopener"><span class="et-pb-icon"></span> PDF 950kB</a></p>
<p>[/et_pb_text][/et_pb_column][/et_pb_row][et_pb_row column_structure=&#8220;1_4,1_4,1_4,1_4&#8243; use_custom_gutter=&#8220;on&#8220; gutter_width=&#8220;2&#8243; make_equal=&#8220;on&#8220; _builder_version=&#8220;4.16&#8243; _module_preset=&#8220;default&#8220; custom_padding=&#8220;0px||||false|false&#8220; global_colors_info=&#8220;{}&#8220;][et_pb_column type=&#8220;1_4&#8243; _builder_version=&#8220;4.16&#8243; _module_preset=&#8220;default&#8220; custom_padding=&#8220;||7px||false|false&#8220; border_width_bottom=&#8220;0.5px&#8220; border_color_bottom=&#8220;rgba(51,51,51,0.26)&#8220; global_colors_info=&#8220;{}&#8220;][et_pb_text _builder_version=&#8220;4.16&#8243; _module_preset=&#8220;default&#8220; global_colors_info=&#8220;{}&#8220;]</p>
<h2>Tages Anzeiger</h2>
<h4>Neues Rondell im historischen Kleid</h4>
<p><em>«Die Bauarbeiten am Rondell beim Bellevue sind beendet. Der ursprüngliche Charme der Traminsel kommt jetzt wieder besser zur Geltung.»</em> <a href="https://bbb-ag.ch/wp-content/uploads/2022/03/tagesanzeiger.pdf" target="_blank" rel="noopener"><span class="et-pb-icon"></span> PDF 473kB</a>[/et_pb_text][/et_pb_column][et_pb_column type=&#8220;1_4&#8243; _builder_version=&#8220;4.16&#8243; _module_preset=&#8220;default&#8220; custom_padding=&#8220;||7px||false|false&#8220; border_width_bottom=&#8220;0.5px&#8220; border_color_bottom=&#8220;rgba(51,51,51,0.26)&#8220; global_colors_info=&#8220;{}&#8220;][et_pb_text _builder_version=&#8220;4.16&#8243; _module_preset=&#8220;default&#8220; global_colors_info=&#8220;{}&#8220;]</p>
<h2>Architektur Aktuell 227</h2>
<h4>Mit Eleganz der Sonne entgegen</h4>
<p><em>Ein Einfamilienhaus in Pfäffikon/ZH</em> <a href="https://bbb-ag.ch/wp-content/uploads/2022/03/Lemberger.pdf" target="_blank" rel="noopener"><span class="et-pb-icon"></span> PDF 2mB</a>[/et_pb_text][/et_pb_column][et_pb_column type=&#8220;1_4&#8243; _builder_version=&#8220;4.16&#8243; _module_preset=&#8220;default&#8220; global_colors_info=&#8220;{}&#8220;][et_pb_text _builder_version=&#8220;4.27.4&#8243; _module_preset=&#8220;default&#8220; hover_enabled=&#8220;0&#8243; global_colors_info=&#8220;{}&#8220; sticky_enabled=&#8220;0&#8243;]</p>
<h2>Umbauen + Renovieren 4/25</h2>
<h4>Was braucht der Mensch?</h4>
<p><em>«Aeberli Architekten haben die städtische Notschlafstelle im Zürcher Quartier Wipkingen umgebaut und instand gesetzt.»<br /></em><em>Was braucht der Mensch, um sich an einem Ort zu Hause zu fühlen?</em> <a href="https://bbb-ag.ch/wp-content/uploads/2025/10/Umbauen-Renovieren-04-25-3.pdf" target="_blank" rel="noopener"> PDF 2mB</a></p>
<p>[/et_pb_text][/et_pb_column][et_pb_column type=&#8220;1_4&#8243; _builder_version=&#8220;4.16&#8243; _module_preset=&#8220;default&#8220; global_colors_info=&#8220;{}&#8220;][/et_pb_column][/et_pb_row][/et_pb_section]</p>

<p>Umbauen und Renovieren Schicht um Schicht «Nachdem die alten Strukturen freigelegt wurden, offenbart ein Bauernhaus im Weinbaugebiet von Stäfa seinen ganzen Charme.»  PDF 1mBSeesicht 1/09 In altem Gemäuer «Mit viel Engagement und Liebe zu alter Bausubstanz ist im Stäfner Weiler Mutzmalen ein altes Bauerngehöft zu neuem Leben erweckt worden.»  PDF 576kBNZZ 10/05 Am Bellevue [&hellip;]</p>
